 -3*x + 4765 = 4*i. What is the tens digit of x?
9
Suppose -163*r = -150*r - 20462. What is the units digit of r?
4
What is the tens digit of (2/(-6))/((-2)/(-2 + 11156))?
5
Let v be -15 + 20 + 3*-1. Suppose 3*i - v*b - 332 = 0, -3*b = -6*b - 12. What is the units digit of i?
8
Let s(o) = 20*o**2 + 5*o - 4. Let k be s(4). Suppose -5*n + 610 = 5*h, 3*h = n + 2*n + k. What is the hundreds digit of h?
1
Let i be ((-30)/18)/((-5)/6). Let m(w) = -2*w**2 - 5*w**2 - 2*w + w**3 + 20*w - 4*w**i - 12. What is the tens digit of m(10)?
6
Suppose -q + t + 13 = 0, 0*q + t = 5*q - 49. What is the tens digit of (-6)/2*(-3 - 267/q)?
9
Let w(p) = 16*p**2 - 2*p + 1. Let v be w(-2). Let l = -38 + v. Suppose -4*t + l = -2*g + 3, -4*t - g + 22 = 0. What is the units digit of t?
6
Suppose -13 + 7 = -2*k. Let v(w) = 8*w - 2. Let f be v(2). Suppose 2*j - 5 = -3*j, -k*h = -j - f. What is the units digit of h?
5
Let t be (-69)/(-9) - 4/6. What is the tens digit of (-2 - 50)*t/(-28)?
1
Suppose v = -2*v + 9. Suppose 408 = 5*p - v*o, 5*o + 144 = 3*p - 104. What is the units digit of p?
1
Let d = 845 + -24. What is the hundreds digit of d?
8
Let v(i) = -2*i + 4. Let u be v(12). Let z = u + 40. Suppose -4*g + 136 + z = 0. What is the units digit of g?
9
Let w(f) = -f + 6. Let n be w(5). Let x be n/3 - 1360/(-51). Suppose x - 2 = p. What is the tens digit of p?
2
Let k be (-14)/(-77) + 2/((-44)/(-18)). Let x be ((-51)/(-2))/3*2. What is the units digit of (x - (k + 1)) + -1?
4
Let y = 6 - 4. Suppose -n + 19 = -b + y*b, -2*b + 5*n = -52. Suppose 5*s - c - 94 = 0, 2*s + c = 11 + b. What is the units digit of s?
8
Suppose 5*f - 4760 = -3*f. What is the hundreds digit of f?
5
What is the tens digit of (-4 + 6)*-4 + 2947?
3
Let o(c) = -2*c**2 + 39*c + 5. Let u be o(20). What is the hundreds digit of u/25 - 1096/(-10)?
1
What is the thousands digit of (-6 - 1841/28)*(-43 - -3)?
2
Let m(w) = -w - 1. Let t be m(-3). Let j = 105 + 120. What is the tens digit of (t/(-3))/((-6)/j)?
2
Let m = 128 - 124. Suppose -2*u + 3*x + 89 = 0, 0*u = 2*u - m*x - 92. What is the tens digit of u?
4
Let n(l) = l**3 + 7*l**2 - 34*l - 6. What is the tens digit of n(-5)?
1
Suppose -7 + 19 = 3*s. Suppose 0 = -4*p - 12, -1 = s*f + 5*p + 2. Suppose -f*y - 5*u = -1, 4*y = 5*u + 8 + 5. What is the units digit of y?
2
Let k = 617 - 503. What is the units digit of k?
4
Suppose 216 - 66 = b. What is the units digit of (2 + b)*(-2)/(-4)?
6
Let p = 4715 + -2791. What is the units digit of p?
4
Let d = -15 - -22. Let x be d/(-14) - 1290/(-4). Suppose 14*b - x = 7*b. What is the units digit of b?
6
Suppose 0 = 5*f - 16 + 6. Suppose 7*d - 11*d - 32 = -4*m, -2*m - 5*d + 2 = 0. Let j = m - f. What is the units digit of j?
4
Let o(l) = l**3 - 6*l**2 - 8*l + 9. Let k be o(7). Suppose k + 0 = t. What is the tens digit of (-12)/(-6) + 42/t?
2
Suppose -d = -3*d - 22. Let j(c) = 8*c + 3. Let n be j(d). What is the units digit of 3/18 + n/(-30)?
3
Suppose -1201*t + 45880 = -1181*t. What is the thousands digit of t?
2
What is the hundreds digit of 1218*((-5)/(-4) - (-27)/(-36))?
6
What is the tens digit of 12/60*14*745?
8
Suppose o = 2*o + 189. Let f = o + 265. What is the tens digit of f?
7
Suppose 0 = 2*z - 28 + 8. Let u(s) = -s**3 + 10*s**2 + 15*s - 22. What is the units digit of u(z)?
8
Suppose -1744 = -6*y + 5804. What is the units digit of y?
8
What is the units digit of (-162)/27 + -2*4254/(-4)?
1
Suppose -3*m - 3*u = -744, -5*m - u = 3*u - 1242. What is the tens digit of m?
5
Let d = 18 + -15. Suppose d*m + 0*m = -9. Let f = 11 - m. What is the tens digit of f?
1
Suppose u + q = -3, -3*u - u = 3*q + 8. Let b be (-1 - u - -3) + 0. What is the units digit of 7 + (-2 - (b - 0))?
4
Suppose 120*l = 166*l - 20562. What is the units digit of l?
7
Suppose 5*f + 482 = n, 4*f + 188 + 788 = 2*n. What is the hundreds digit of n?
4
What is the tens digit of (-50091)/295*20/(-6)?
6
Suppose 5*r - 48 = r + v, -v = -5*r + 60. Suppose 4*g - g = r. What is the units digit of g?
4
Suppose 3 = 4*j - 5*j. Let a be 1 + -4*j/12. Suppose 33 = n + b, -b = n + a*b - 43. What is the tens digit of n?
2
What is the hundreds digit of 1169 - (1 - (-25)/(-5))?
1
Suppose 124*a = 125*a - 1855. What is the thousands digit of a?
1
Let p(y) = -125*y - 61. What is the tens digit of p(-7)?
1
Let z(p) = 2*p**3 - 3*p**2 + 4*p - 3. Let x be z(2). Suppose 8*a - 3*a - 100 = 0. Suppose a = j - x. What is the units digit of j?
9
Suppose r = 57 + 152. Let t = r - 113. What is the tens digit of t?
9
Let v = 31 + -28. Suppose -3*b - 2*b - 290 = -5*i, v*b - 306 = -5*i. What is the units digit of i?
0
Let m(w) = 23*w**2 + 3*w + 1. Let q be m(-1). Suppose q + 30 = s. What is the units digit of s?
1
Let r(d) be the third derivative of d**4/8 + 3*d**3/2 + 8*d**2. What is the tens digit of r(10)?
3
Suppose -q = -3*q + 4. Suppose 0*g + q*g = 18. Let n = g - 4. What is the units digit of n?
5
What is the tens digit of ((-1876)/(-10))/(138/345)?
6
Let o(u) = -u - 11. Let d be o(-11). Suppose 5*k - 25 = -d*k. What is the units digit of k?
5
Suppose 1480 = 9*w - 4*w. Suppose -w = -2*h - 84. What is the units digit of h?
6
Suppose 0 = -39*f + 53*f - 2912. What is the units digit of f?
8
Suppose -g = 2*p - 303, 2*p - 304 = -7*g + 5*g. Suppose 4*u - p + 19 = 0. What is the tens digit of u?
3
Let y(r) = -r + 18. Let c be y(7). Suppose c*u = -8 + 2208. What is the tens digit of u?
0
Suppose -p - 11 = -0. Let f(r) be the second derivative of r**3/6 + 8*r**2 - 112*r. What is the units digit of f(p)?
5
Suppose -v = -5*p - 5209, 15537 = 3*v + 219*p - 216*p. What is the units digit of v?
4
Suppose 7*x - 2*x = 30. What is the units digit of (-1 - 111/x)/((-2)/8)?
8
Let z = -2850 - -5690. What is the hundreds digit of z?
8
Let s be ((-1)/3)/((-1)/3). What is the units digit of 4/(-5 + s)*-79?
9
Let q = -34 - -185. What is the hundreds digit of q?
1
Suppose -2*w + 12 = -6*w. Let y be ((-52)/(-12))/(w/(-45)). Suppose -25 = -5*p + y. What is the tens digit of p?
1
Let h(i) = 4*i + 233. What is the tens digit of h(-11)?
8
Let v be (-1085)/(-15) + 2/3. Let m = 80 - 128. Let s = m + v. What is the tens digit of s?
2
Let r(b) = -b + 4. Let j be r(-2). Let s = 15 - j. What is the units digit of s?
9
Suppose -2*p = -3*p + 3, s + 4*p = 15. Suppose 16 = -4*h, -20 = -s*c - h + 6. What is the units digit of (35/c)/((-3)/(-12))?
4
Suppose 13*t - 5*t = -776. Let n = 177 + t. What is the tens digit of n?
8
Suppose 5*w + 521 = 2*b, 0 = w + 2*w + 4*b + 323. What is the tens digit of (32/(-12))/(10/w)?
2
Let z(k) = -k**3 + 45*k**2 - 118*k - 4. What is the hundreds digit of z(41)?
8
Let g = 229 + -49. What is the hundreds digit of g?
1
Let j(n) be the first derivative of 7 - 1/3*n**3 + 9*n**2 + 16*n. What is the tens digit of j(18)?
1
Let o(s) = -43*s - 1. Let r be o(-1). Suppose -9*t + 387 = -189. Let l = t - r. What is the tens digit of l?
2
Let i = 3 - -15. Let s be (22/(-4))/((-4)/(-8)). Let u = s + i. What is the units digit of u?
7
Let m be 7372/14 + ((-21)/(-49) - 1). Let x = m - 335. What is the tens digit of x?
9
Let j be 3 + (-15630)/(-12)*8/10. Suppose 0*f = -f - 1, 0 = 4*r + 3*f - j. What is the hundreds digit of r?
2
Let u(m) = 10*m**2 + 9*m + 23. What is the tens digit of u(-12)?
5
Let v = 7 + -11. Let o = v + 13. What is the units digit of (o - 0) + -1 + 0?
8
Let z(f) = -f**3 + 8*f**2 - 7*f - 27. Let p be z(6). Suppose 32 + 492 = 2*d - p*l, 0 = -2*d + l + 532. What is the hundreds digit of d?
2
Let g(b) = -6*b**2 + b - 2. Let p be g(3). Suppose 147 + 37 = -2*h. Let l = p - h. What is the tens digit of l?
3
Suppose -4*o = -7*o + 9. Let l be 87*(o + 16/(-6)). Suppose 0 = 2*k - c - 8, l = 3*k + 2*k + 2*c. What is the units digit of k?
5
Suppose 2*g + 96 = -2*g. Let j = 81 + g. Suppose 0 = -5*l + 93 + j. What is the tens digit of l?
3
Let b = 24 - 19. Suppose -4*o + 104 = 2*h - 4, -o + b = -5*h. Suppose o = 2*n + 3*n. What is the units digit of n?
5
Let l be 104/(-13)*(-1)/2. Suppose -c = l*c - 75. Suppose -u + 3*h - 3 = -h, 3*h - c = 0. What is the units digit of u?
7
Suppose 6*l = l + 35. Let r = 9 - l. Let h(p) = 5*p - 3. What is the units digit of h(r)?
7
Let r = 241 + -28. What is the hundreds digit of r?
2
Let j = 5683 - 32. What is the units digit of j?
1
Let q = 16 - 26. Let v be ((-9)/18